{"id":43820,"date":"2023-04-07T07:37:59","date_gmt":"2023-04-07T06:37:59","guid":{"rendered":"https:\/\/sz.alpsware.dev\/product\/his-heartbeat-is-peace-eine-wundervolle-ausstellung-der-kunstlerin-veronica-von-degenfeld\/"},"modified":"2023-04-07T07:37:59","modified_gmt":"2023-04-07T06:37:59","slug":"his-heartbeat-is-peace-eine-wundervolle-ausstellung-der-kunstlerin-veronica-von-degenfeld","status":"publish","type":"product","link":"https:\/\/historicrooms.com\/en\/product\/his-heartbeat-is-peace-eine-wundervolle-ausstellung-der-kunstlerin-veronica-von-degenfeld\/","title":{"rendered":"\u201cHis heartbeat is Peace\u201d \u2013 wonderful exhibition by artist Veronica von Degenfeld"},"content":{"rendered":"<h1>Veronica von Degenfeld at Rosegg Castle<\/h1>\n<h2><span style=\"color: #000000\">\u201cHis heartbeat is Peace\u201d \u2013 Painting <\/span><\/h2>\n<p><span style=\"color: #000000\"><span style=\"font-family: Calibri, sans-serif\"><span style=\"font-size: medium\"><span style=\"color: #4a4a4a\"><span style=\"font-family: Arial, sans-serif\"><span style=\"font-size: small\">We are pleased to welcome the artist Veronica von Degenfeld back to Rosegg from 6 May after a long time.<\/span><\/span><\/span><span style=\"color: #4a4a4a\"><span style=\"font-family: Arial, sans-serif\"><span style=\"font-size: small\">. <\/span><\/span><\/span><span style=\"color: #4a4a4a\"><span style=\"font-family: Arial, sans-serif\"><span style=\"font-size: small\">Veronica von Degenfeld independently contrasts the restless, gloomy and peaceless events of our time with her painting of peace, joy and colourfulness. Her art radiates hope and joie de vivre. 27 years after her first exhibition in Carinthia, the likeable artist is coming back to Rosegg. \"His heartbeat is Peace\" - painting that touches the heart. Welcome to Rosegg Castle!<\/span><\/span><\/span><\/span><\/span><\/span><\/p>\n<p><span style=\"color: #000000\"><span style=\"font-family: Calibri, sans-serif\"><span style=\"font-size: medium\"><span style=\"font-family: Arial, sans-serif\"><span lang=\"en-US\">Vernissage:&nbsp;<\/span><\/span><span style=\"font-family: Arial, sans-serif\"><span lang=\"en-US\"><b>Samstag 6.&nbsp;<\/b><\/span><\/span><span style=\"font-family: Arial, sans-serif\"><b>Mai 2023, ab 18.00 Uhr&nbsp;<\/b><\/span><\/span><\/span><\/span><\/p>\n<p><span style=\"color: #000000\"><span style=\"font-family: Arial, sans-serif\"><span style=\"font-size: medium\">Exhibition:&nbsp;<b>7. Mai bis 31. August 2023<\/b><\/span><\/span><\/span><\/p>\n<p><span style=\"color: #000000\"><span style=\"font-family: Arial, sans-serif\"><span style=\"font-size: medium\">Contact Rosegg Castle:&nbsp;<b>Tel. +43 676 900 24 25<\/b><\/span><\/span><\/span><\/p>\n<p><span style=\"color: #000000\"><span style=\"font-family: Arial, sans-serif\"><span style=\"font-size: medium\">E-Mail:&nbsp;<\/span><\/span><\/span><a href=\"mailto:info@rosegg.at\"><span style=\"color: #000000\"><span style=\"font-family: Arial, sans-serif\"><span style=\"font-size: medium\"><b>info@rosegg.at<\/b><\/span><\/span><\/span><\/a><\/p>\n<p><span style=\"color: #000000\"><span style=\"font-family: Arial, sans-serif\"><span style=\"font-size: small\">Open (like the castle caf\u00e9): in each case&nbsp;<b>Wednesday to Sunday 12.00 am. to 6.00 pm.<\/b><\/span><\/span><\/span><\/p>\n<p><span style=\"color: #000000\"><span style=\"font-family: Arial, sans-serif\"><span style=\"font-size: small\">(except for \"closed societies\"; see&nbsp;<\/span><\/span><\/span><a href=\"http:\/\/www.rosegg.at\/\">www.rosegg.at<\/a><span style=\"color: #000000\"><span style=\"font-family: Arial, sans-serif\"><span style=\"font-size: small\">)<\/span><\/span><\/span><\/p>","protected":false},"excerpt":{"rendered":"<p>Veronica von Degenfeld im Schloss Rosegg &#8220;His heartbeat is Peace&#8221; &#8211; Malerei Wir freuen uns, ab 6. Mai nach langer Zeit wieder die K\u00fcnstlerin Veronica von Degenfeld in Rosegg begr\u00fc\u00dfen zu d\u00fcrfen. Den unruhigen, d\u00fcsteren und friedlosen Geschehnissen unserer Zeit stellt Veronica von Degenfeld eigenst\u00e4ndig ihre Malerei des Friedens, der Freude und der Farbenpr\u00e4chtigkeit entgegen. [&hellip;]<\/p>\n","protected":false},"featured_media":0,"comment_status":"open","ping_status":"closed","template":"","meta":[],"product_brand":[],"product_cat":[],"product_tag":[],"class_list":{"0":"post-43820","1":"product","2":"type-product","3":"status-publish","6":"first","7":"instock","8":"taxable","9":"shipping-taxable","10":"product-type-simple"},"_links":{"self":[{"href":"https:\/\/historicrooms.com\/en\/wp-json\/wp\/v2\/product\/43820","targetHints":{"allow":["GET"]}}],"collection":[{"href":"https:\/\/historicrooms.com\/en\/wp-json\/wp\/v2\/product"}],"about":[{"href":"https:\/\/historicrooms.com\/en\/wp-json\/wp\/v2\/types\/product"}],"replies":[{"embeddable":true,"href":"https:\/\/historicrooms.com\/en\/wp-json\/wp\/v2\/comments?post=43820"}],"wp:attachment":[{"href":"https:\/\/historicrooms.com\/en\/wp-json\/wp\/v2\/media?parent=43820"}],"wp:term":[{"taxonomy":"product_brand","embeddable":true,"href":"https:\/\/historicrooms.com\/en\/wp-json\/wp\/v2\/product_brand?post=43820"},{"taxonomy":"product_cat","embeddable":true,"href":"https:\/\/historicrooms.com\/en\/wp-json\/wp\/v2\/product_cat?post=43820"},{"taxonomy":"product_tag","embeddable":true,"href":"https:\/\/historicrooms.com\/en\/wp-json\/wp\/v2\/product_tag?post=43820"}],"curies":[{"name":"wp","href":"https:\/\/api.w.org\/{rel}","templated":true}]}}

<h1>Veronica von Degenfeld at Rosegg Castle</h1>
<h2><span style="color: #000000">“His heartbeat is Peace” – Painting </span></h2>
<p><span style="color: #000000"><span style="font-family: Calibri, sans-serif"><span style="font-size: medium"><span style="color: #4a4a4a"><span style="font-family: Arial, sans-serif"><span style="font-size: small">We are pleased to welcome the artist Veronica von Degenfeld back to Rosegg from 6 May after a long time.</span></span></span><span style="color: #4a4a4a"><span style="font-family: Arial, sans-serif"><span style="font-size: small">. </span></span></span><span style="color: #4a4a4a"><span style="font-family: Arial, sans-serif"><span style="font-size: small">Veronica von Degenfeld independently contrasts the restless, gloomy and peaceless events of our time with her painting of peace, joy and colourfulness. Her art radiates hope and joie de vivre. 27 years after her first exhibition in Carinthia, the likeable artist is coming back to Rosegg. "His heartbeat is Peace" - painting that touches the heart. Welcome to Rosegg Castle!</span></span></span></span></span></span></p>
<p><span style="color: #000000"><span style="font-family: Calibri, sans-serif"><span style="font-size: medium"><span style="font-family: Arial, sans-serif"><span lang="en-US">Vernissage:&nbsp;</span></span><span style="font-family: Arial, sans-serif"><span lang="en-US"><b>Samstag 6.&nbsp;</b></span></span><span style="font-family: Arial, sans-serif"><b>Mai 2023, ab 18.00 Uhr&nbsp;</b></span></span></span></span></p>
<p><span style="color: #000000"><span style="font-family: Arial, sans-serif"><span style="font-size: medium">Exhibition:&nbsp;<b>7. Mai bis 31. August 2023</b></span></span></span></p>
<p><span style="color: #000000"><span style="font-family: Arial, sans-serif"><span style="font-size: medium">Contact Rosegg Castle:&nbsp;<b>Tel. +43 676 900 24 25</b></span></span></span></p>
<p><span style="color: #000000"><span style="font-family: Arial, sans-serif"><span style="font-size: medium">E-Mail:&nbsp;</span></span></span><a href="mailto:info@rosegg.at"><span style="color: #000000"><span style="font-family: Arial, sans-serif"><span style="font-size: medium"><b>info@rosegg.at</b></span></span></span></a></p>
<p><span style="color: #000000"><span style="font-family: Arial, sans-serif"><span style="font-size: small">Open (like the castle café): in each case&nbsp;<b>Wednesday to Sunday 12.00 am. to 6.00 pm.</b></span></span></span></p>
<p><span style="color: #000000"><span style="font-family: Arial, sans-serif"><span style="font-size: small">(except for "closed societies"; see&nbsp;</span></span></span><a href="http://www.rosegg.at/">www.rosegg.at</a><span style="color: #000000"><span style="font-family: Arial, sans-serif"><span style="font-size: small">)</span></span></span></p>

<p>Veronica von Degenfeld im Schloss Rosegg &#8220;His heartbeat is Peace&#8221; &#8211; Malerei Wir freuen uns, ab 6. Mai nach langer Zeit wieder die Künstlerin Veronica von Degenfeld in Rosegg begrüßen zu dürfen. Den unruhigen, düsteren und friedlosen Geschehnissen unserer Zeit stellt Veronica von Degenfeld eigenständig ihre Malerei des Friedens, der Freude und der Farbenprächtigkeit entgegen. [&hellip;]</p>
